hat is the units digit of 24550253?
3
What is the hundred thousands digit of 993341?
9
What is the hundreds digit of 61254?
2
What is the tens digit of 5059903?
0
What is the thousands digit of 276267?
6
What is the tens digit of 53936?
3
What is the units digit of 5108927?
7
What is the ten thousands digit of 803977?
0
What is the units digit of 155284?
4
What is the ten thousands digit of 1820034?
2
What is the millions digit of 2399225?
2
What is the millions digit of 1695941?
1
What is the hundreds digit of 1622461?
4
What is the tens digit of 419580?
8
What is the hundred thousands digit of 3043593?
0
What is the thousands digit of 486418?
6
What is the units digit of 11217287?
7
What is the ten thousands digit of 852033?
5
What is the thousands digit of 13783121?
3
What is the thousands digit of 1145077?
5
What is the thousands digit of 824736?
4
What is the hundreds digit of 7173192?
1
What is the tens digit of 2327016?
1
What is the ten thousands digit of 3069298?
6
What is the hundred thousands digit of 8799251?
7
What is the ten thousands digit of 331239?
3
What is the thousands digit of 2004462?
4
What is the hundreds digit of 787367?
3
What is the thousands digit of 3843432?
3
What is the units digit of 131012?
2
What is the ten millions digit of 14056527?
1
What is the ten thousands digit of 234366?
3
What is the units digit of 11064320?
0
What is the ten thousands digit of 14173806?
7
What is the millions digit of 12351068?
2
What is the tens digit of 6178855?
5
What is the ten thousands digit of 2776708?
7
What is the tens digit of 791028?
2
What is the ten thousands digit of 423831?
2
What is the tens digit of 135393?
9
What is the hundreds digit of 50415?
4
What is the millions digit of 1040196?
1
What is the millions digit of 1658517?
1
What is the hundreds digit of 7757866?
8
What is the ten thousands digit of 1075484?
7
What is the millions digit of 10284067?
0
What is the thousands digit of 998179?
8
What is the ten thousands digit of 6495886?
9
What is the thousands digit of 215890?
5
What is the units digit of 478817?
7
What is the hundred thousands digit of 1066986?
0
What is the ten thousands digit of 3486876?
8
What is the units digit of 712781?
1
What is the millions digit of 1585429?
1
What is the tens digit of 4648450?
5
What is the millions digit of 1234848?
1
What is the tens digit of 289908?
0
What is the tens digit of 6763355?
5
What is the thousands digit of 2076980?
6
What is the tens digit of 4119271?
7
What is the thousands digit of 2786349?
6
What is the tens digit of 778004?
0
What is the ten millions digit of 16418978?
1
What is the thousands digit of 3716146?
6
What is the tens digit of 238845?
4
What is the millions digit of 27609111?
7
What is the ten thousands digit of 4591733?
9
What is the ten thousands digit of 8329618?
2
What is the ten thousands digit of 1226227?
2
What is the units digit of 7865762?
2
What is the hundred thousands digit of 285241?
2
What is the thousands digit of 10338809?
8
What is the hundred thousands digit of 2898330?
8
What is the tens digit of 3485129?
2
What is the thousands digit of 779133?
9
What is the units digit of 1111239?
9
What is the hundred thousands digit of 1916116?
9
What is the thousands digit of 979619?
9
What is the thousands digit of 221350?
1
What is the tens digit of 270113?
1
What is the hundred thousands digit of 4567735?
5
What is the thousands digit of 92264?
2
What is the hundreds digit of 262109?
1
What is the hundreds digit of 9818628?
6
What is the ten thousands digit of 921409?
2
What is the millions digit of 14285170?
4
What is the tens digit of 10302?
0
What is the thousands digit of 643247?
3
What is the tens digit of 164224?
2
What is the hundred thousands digit of 597248?
5
What is the hundred thousands digit of 661248?
6
What is the ten thousands digit of 6252113?
5
What is the tens digit of 186626?
2
What is the hundred thousands digit of 24395748?
3
What is the millions digit of 7637702?
7
What is the thousands digit of 6149?
6
What is the millions digit of 1710972?
1
What is the units digit of 656827?
7
What is the ten thousands digit of 7445890?
4
What is the hundred thousands digit of 11172709?
1
What is the units digit of 979093?
3
What is the ten thousands digit of 728582?
2
What is the hundreds digit of 451141?
1
What is the ten thousands digit of 871721?
7
What is the hundreds digit of 3477914?
9
What is the ten thousands digit of 19412429?
1
What is the ten thousands digit of 541128?
4
What is the ten thousands digit of 2059864?
5
What is the units digit of 211714?
4
What is the millions digit of 2262423?
2
What is the millions digit of 5336765?
5
What is the hundreds digit of 4053446?
4
What is the hundred thousands digit of 986834?
9
What is the millions digit of 7221702?
7
What is the thousands digit of 393783?
3
What is the thousands digit of 372028?
2
What is the units digit of 2832582?
2
What is the ten thousands digit of 316220?
1
What is the millions digit of 13413592?
3
What is the hundred thousands digit of 18905452?
9
What is the thousands digit of 308709?
8
What is the hundreds digit of 9970756?
7
What is the units digit of 2627456?
6
What is the thousands digit of 959227?
9
What is the hundreds digit of 15128563?
5
What is the hundred thousands digit of 930865?
9
What is the thousands digit of 8706484?
6
What is the thousands digit of 27194481?
4
What is the units digit of 300476?
6
What is the hundred thousands digit of 283598?
2
What is the thousands digit of 575892?
5
What is the ten thousands digit of 10331388?
3
What is the ten thousands digit of 417145?
1
What is the tens digit of 155905?
0
What is the millions digit of 15747427?
5
What is the ten thousands digit of 2934604?
3
What is the units digit of 111087?
7
What is the hundred thousands digit of 4263358?
2
What is the units digit of 10843371?
1
What is the ten thousands digit of 4142537?
4
What is the hundred thousands digit of 644968?
6
What is the hundreds digit of 516472?
4
What is the thousands digit of 885276?
5
What is the units digit of 8957502?
2
What is the ten thousands digit of 71560?
7
What is the ten thousands digit of 656031?
5
What is the units digit of 227698?
8
What is the tens digit of 150624?
2
What is the hundred thousands digit of 562469?
5
What is the hundreds digit of 336925?
9
What is the hundred thousands digit of 1362362?
3
What is the units digit of 51584?
4
What is the tens digit of 2516671?
7
What is the millions digit of 14761355?
4
What is the ten millions digit of 16946558?
1
What is the hundred thousands digit of 280385?
2
What is the hundred thousands digit of 410833?
4
What is the units digit of 235848?
8
What is the hundred thousands digit of 194849?
1
What is the hundred thousands digit of 235466?
2
What is the hundred thousands digit of 160661?
1
What is the ten thousands digit of 5897283?
9
What is the hundred thousands digit of 1275716?
2
What is the thousands digit of 2102487?
2
What is the thousands digit of 1291604?
1
What is the tens digit of 3341349?
4
What is the millions digit of 2651767?
2
What is the ten thousands digit of 16847175?
4
What is the hundred thousands digit of 4871664?
8
What is the units digit of 564792?
2
What is the hundreds digit of 2200452?
4
What is the units digit of 5194008?
8
What is the units digit of 6019630?
0
What is the hundred thousands digit of 1393843?
3
What is the hundred thousands digit of 324653?
3
What is the millions digit of 8824862?
8
What is the hundred thousands digit of 41001605?
0
What is the thousands digit of 192116?
2
What is the thousands digit of 9943122?
3
What is the tens digit of 366522?
2
What is the tens digit of 153385?
8
What is the hundreds digit of 1799260?
2
What is the tens digit of 1220710?
1
What is the ten thousands digit of 14331359?
3
What is the units digit of 7288260?
0
What is the units digit of 205618?
8
What is the thousands digit of 6315654?
5
What is the hundred thousands digit of 199533?
1
What is the hundred thousands digit of 644840?
6
What is the tens digit of 2509655?
5
What is the hundred thousands digit of 656677?
6
What is the tens digit of 2390174?
7
What is the hundred thousands digit of 500816?
5
What is the thousands di